+ 43 = -3*u. Let g be (-1)/u - 11/(-6). Suppose -3*x + 30 = -g*x. What is the remainder when x is divided by 8?
6
Let b = 3 - 0. Suppose 25 = 3*w - 4*u, 2*u - 20 = 7*u. Suppose d - o - 6 = 0, w*d = -4*o + 20 + 5. What is the remainder when d is divided by b?
1
Suppose 9*b - 66 = 3*b. Suppose 5*q = -2*r + 89, -2*r - 3*q + 87 = -0*q. What is the remainder when r is divided by b?
9
Suppose 4*y - 3*y = 2. Suppose -28 - 96 = -y*q. Let n = 94 - q. Calculate the remainder when n is divided by 11.
10
Let u = -12 + 99. Suppose 2*z = t - 37, 4*t - t = -2*z + u. What is the remainder when t is divided by 16?
15
Suppose 30 = 5*d + 3*z, 5*z - 34 = -3*d - 0*z. Suppose -4*i + 23 = 3*n, 2*i + 0*n + d*n = 7. What is the remainder when 14 is divided by i?
6
Let x = -8 + 16. Suppose 2*r = 4*r - x. Let w(i) = i**3 + 4*i**2 - 16*i - 13. What is the remainder when w(-6) is divided by r?
3
Let t(x) = 12*x - 14. What is the remainder when t(4) is divided by 12?
10
Suppose 6*b - 45 = 3*b. What is the remainder when 53 is divided by b?
8
Let v(u) be the first derivative of -u**3 + u**2/2 - 4*u - 2. Let r be v(-3). Let a = r + 66. Calculate the remainder when a is divided by 17.
15
Suppose -3*o + 0*o - 5*n + 22 = 0, o = n - 6. What is the remainder when (o - 28/(-20))*30 is divided by 7?
5
Let r = -19 - -32. Let o(x) = x**2 - 2*x + 2. What is the remainder when o(-6) is divided by r?
11
Suppose -84 - 51 = -3*i. Suppose 0 = -4*j + j + i. What is the remainder when j is divided by 8?
7
Calculate the remainder when 376/28*(-3 + 10) is divided by 25.
19
Let x(o) = -o**3 + o**2 + o + 18. Calculate the remainder when 53 is divided by x(0).
17
Suppose 2*p = 4*p - 6. Calculate the remainder when p is divided by -2*((-3)/2 + 1).
0
Let w = 4 + 0. Suppose 4*v - w*p = 72, -3*p - 56 = -5*v + 40. What is the remainder when 62 is divided by v?
20
Suppose -7*z + 6*z + 12 = 0. Calculate the remainder when 45 is divided by z.
9
What is the remainder when 9/3 - (0/(-2) + -30) is divided by 17?
16
Let s(r) = -r**3 + 4. Let a = 12 - 15. Calculate the remainder when s(a) is divided by 16.
15
Let m = 3 + -2. Let z = 5 + m. What is the remainder when z is divided by 4?
2
Suppose -4*u - 2*l - 946 = -3*l, 4*u - 5*l + 954 = 0. Let f be 2/(-6) + u/(-6). Let g = f + -20. What is the remainder when 56 is divided by g?
18
Let p be 4/18 - 608/(-18). Let c = p - 19. Calculate the remainder when 43 is divided by c.
13
Let m = -6 + 9. Suppose q = 4*q - m*l - 15, 0 = 5*l - 20. What is the remainder when 17 is divided by q?
8
Suppose -4*c + 155 + 25 = 0. What is the remainder when c is divided by 16?
13
Suppose 5*g + 6*f = 2*f + 3, 2*f = -6. What is the remainder when g is divided by 2?
1
Suppose 3*m + 4*h - 8 = 2*m, -m + 14 = -2*h. Let r be 4 + (-2 - 3/(-3)). Suppose 3*w - 108 = -r. What is the remainder when w is divided by m?
11
Suppose -4*w + 14 + 101 = -5*j, 4*w = 4*j + 120. Suppose -10 - 44 = 4*a + 3*h, -3*a - 35 = 5*h. Let s = w + a. What is the remainder when 38 is divided by s?
18
Let l(o) = o**3 - 11*o**2 + o - 8. Let c be l(11). Suppose -2*b + u = -0*b - 7, 18 = c*b + u. What is the remainder when 13 is divided by b?
3
Let c(j) = 7*j**3 + 4*j**2 - 5*j + 4. Let a be c(3). Suppose -a + 40 = -3*t. Suppose 31 + 9 = 2*o. What is the remainder when t is divided by o?
18
Suppose 0 = 73*w - 69*w - 304. Calculate the remainder when w is divided by 27.
22
Let z(j) = -j + 6. Calculate the remainder when (19 + (-12)/(-4))*5/10 is divided by z(0).
5
Suppose 2*l - 5*i - 99 = 162, -669 = -5*l - 4*i. Suppose -5*w = -87 - l. What is the remainder when w is divided by 152/10 - (-1)/(-5)?
14
What is the remainder when (44 + -1)*(-7 - -8) is divided by 23?
20
Let d(s) = -s**2 - 11*s - 13. Calculate the remainder when -4 + 4/((-4)/(-23)) is divided by d(-9).
4
Let t(b) = 3*b - 1. Let k be -1*(2*-1 + 1). Let c be t(k). Suppose m - 45 = -3*u, -5*u - 145 = -c*m - 3*m. Calculate the remainder when m is divided by 9.
6
Suppose -4*o + 3*o = -14. What is the remainder when 40/(-3)*3/(-1) is divided by o?
12
Let i(w) = -w**2 - 8*w + 3. Let x be i(-6). Let t(d) = d**3 + 7*d**2 + 6*d + 8. Let u be t(-6). Let r = x + u. Calculate the remainder when r is divided by 8.
7
Suppose 12 - 75 = -3*y. What is the remainder when 39 is divided by y?
18
Let v = -22 - -64. Suppose -4*s = 2*d - v, -3*d + s - 5*s = -71. What is the remainder when 114 is divided by d?
27
Suppose v + 3*h - 4 = 0, -15 = -5*v - 4*h + 5. Calculate the remainder when (1 + -2)/(2/(-10) + 0) is divided by v.
1
What is the remainder when 58 is divided by ((-5)/(-40)*-4)/(1/(-30))?
13
What is the remainder when -3 + (-3 - -18*6) is divided by 21?
18
Let n be (1/(-1))/(0 - 1). Calculate the remainder when ((5 - -1) + -3)*n is divided by 3.
0
Let w = -14 + 26. Let g(z) = z**3 - 8*z**2 + 5*z - 12. Let y be g(8). Suppose 5*a = i + 96, -2*i - y = -2*a + w. Calculate the remainder when a is divided by 7.
5
Suppose -32 + 72 = 4*g. What is the remainder when 58 is divided by g?
8
Suppose 4*n - 3*n = u - 77, 0 = -5*n + 15. Calculate the remainder when u is divided by 14.
10
Suppose -5 = 5*a - 15. Suppose -150 = -a*c + 124. Suppose -4*y + 5*u + 7 = -191, 3*y = -2*u + c. Calculate the remainder when y is divided by 16.
15
Let b = -9 + 25. Calculate the remainder when b is divided by 9.
7
Let m = -2 + -3. Calculate the remainder when (4*-1)/((-2)/13) is divided by 27*(m/3)/(-5).
8
Let s = 34 + -21. Calculate the remainder when 49 is divided by s.
10
Let c(y) = -y**3 + 1. Let g be c(-1). Let v = g + 0. Suppose 1 = 2*b - b. Calculate the remainder when v is divided by b.
0
Let x(s) = -s**3 + 4*s**2 + 1. Let r be x(4). Let b(f) be the third derivative of f**4/4 - 3*f**2. What is the remainder when 16 is divided by b(r)?
4
Let q(x) = 5*x - 6. Suppose 12 + 4 = 4*d. Let l = 15 + -7. What is the remainder when q(d) is divided by l?
6
Let j = 4 - 3. Suppose 44 = 5*k - j. Let v(y) = y - 2. Calculate the remainder when 19 is divided by v(k).
5
Let v be (-2)/2 - 166/(-2). Suppose -12 + v = 5*s. What is the remainder when s is divided by 4?
2
Let h be (-1)/((-1)/34*2). Let y = 2 + h. Calculate the remainder when y is divided by 5.
4
Suppose -2*h + 14 = 3*s - 14, -5*s + 54 = -4*h. What is the remainder when 28 is divided by s?
8
Let x be (-6)/(-9) + (-10)/(-3). Suppose 3*q = -3*l + l + 53, -68 = -x*q - 2*l. Calculate the remainder when q is divided by 4.
3
Suppose 0 = 5*y - 25, -3*w + 23 + 146 = -4*y. Calculate the remainder when w is divided by 16.
15
Suppose s = 3*s - 60. Suppose -2*a = -s - 20. What is the remainder when a is divided by (-3)/(3 + 0) - -14?
12
Suppose -135 = -3*h + 2*m, 27 - 162 = -3*h + m. Calculate the remainder when 131 is divided by h.
41
What is the remainder when -1 + 6 - (-9 - 6) is divided by 3?
2
Suppose 6*j - 68 = 2*j - 4*u, 2*u - 68 = -4*j. Calculate the remainder when 45 is divided by j.
11
Suppose -p + 15 = s, 69 = 3*p + s + 20. Suppose 7*t - 590 + 135 = 0. Calculate the remainder when t is divided by p.
14
Suppose 0 = -3*t + 4*l + 9, -5*l - 1 + 4 = t. What is the remainder when t is divided by 1?
0
Let z be (-4)/(8/(-66)) + -3. Suppose z = 5*o - 0*o. What is the remainder when o is divided by 3?
0
Let r be -1 - 1 - 16/(-4). Suppose -4*v + w = -r*w - 20, 6 = -v - 2*w. Suppose v*s = 3*y + 2*y + 93, 2*y + 6 = 0. What is the remainder when s is divided by 20?
19
Suppose 0*g - 3*l - 3 = g, -3*g + 4*l + 17 = 0. Let x be (3 - 5)*(-106)/4. Suppose 70 + x = g*h. Calculate the remainder when h is divided by 14.
13
Let v(c) = -c - 3. Let t(j) = 3*j + 5. Let k(s) = 2*t(s) + 5*v(s). Calculate the remainder when 13 is divided by k(10).
3
Let a = 9 + -5. Suppose -6*h + 12 = -a*h. Calculate the remainder when 10 is divided by (-12)/h + 6*1.
2
Let b(k) be the third derivative of -13*k**4/12 + 5*k**2. Calculate the remainder when b(-2) is divided by 18.
16
Let x be (5*-3)/((-3)/2). Suppose x = 5*i - 10. Suppose l = -2 + i. What is the remainder when 4 is divided by l?
0
Let g = 2 - 1. Calculate the remainder when (-18 + -5)*(g + -2) is divided by 8.
7
Let p be ((-6)/(-5))/((-39)/130). Calculate the remainder when 1/(p/116*-1) is divided by 10.
9
Suppose 2*z - 26 + 2 = -4*m, -5*m = 2*z - 28. Calculate the remainder when 15 is divided by m.
3
Suppose -3*v + 4*v = -65. Let w 